e prime factors of (-81)/(-2) - (-6)/u.
41
Let u(v) = -59*v**3 - v**2 + 10*v + 10. Let t be u(-1). Suppose -7*r = -1888 - t. List the prime factors of r.
2, 139
What are the prime factors of (-22729738)/(-1558) + -19 + 2/(-41)?
2, 5, 31, 47
Let a = -27 + 48. Suppose 0 = -23*f + a*f + 756. Let l = f + -207. What are the prime factors of l?
3, 19
Let m(g) = 11*g**2 - 34*g - 4. Let l be m(-12). Suppose 0 = 3*s + 2*p - 1491, -4*p = -4*s - 0*p + l. What are the prime factors of s?
7, 71
Let g(x) be the third derivative of -295*x**4/12 + 4*x**3/3 - 3*x**2. Let s be g(6). List the prime factors of -4 + 34/10 + s/(-20).
2, 11
Let n(k) = 8*k**2 + 3*k - 20. Let d be n(-8). Let x = d + -220. Suppose -2*b + x = 4*t, 0*t - 56 = -t + b. List the prime factors of t.
2, 3, 5
Let j be 3/(6/(-8)) + 978 + -16. Let g = j + -638. List the prime factors of g.
2, 5
Suppose -1009957 = -26*v - 9*v + 508833. List the prime factors of v.
2, 13, 1669
Let z(a) = -a**3 - 13*a**2 + 6*a - 98. Let w be z(-14). Suppose -y = 5*p - 2820, -w*p + 9*p = -3*y - 2840. List the prime factors of p.
5, 113
Suppose -11946 - 544 = -10*t. Suppose 6*h = -t + 5191. List the prime factors of h.
3, 73
Let y(w) = -75*w**2 + 4*w - 7. Let r be y(2). Let i = 242 - r. List the prime factors of i.
541
Suppose 0 = -5*s + 4*q + 37901, -110*s - 5*q = -114*s + 30310. What are the prime factors of s?
5, 37, 41
Let l(q) = -q**2 - 8*q - 40. Let v be l(-6). List the prime factors of (-2)/8*v + 876.
883
Let v(x) = x**2 - 15*x - 8. Suppose 5*u = 2*u + 5*t - 20, 16 = -4*u - 4*t. Let d be 2*1 + (u - 3) + -1. What are the prime factors of v(d)?
2, 73
Let l be 104/6 + 2/3. Let q be (4/(-24)*3)/1*0. Suppose 39 = j + 5*n, 5*n + l = 2*j - q*j. List the prime factors of j.
19
Let j(l) = -l**2 + 5*l + 60. Let w be j(-6). Let m(p) = -9*p**3 + 7*p**2 + 8*p - 23. Let o be m(w). Suppose -16*c = c - o. What are the prime factors of c?
5
Let l be -3 + 13 - (6 - 3). Let o(u) = 7*u + 8*u - u**3 + 7 + 6*u**2 + 2. List the prime factors of o(l).
5, 13
Let d(h) = 29*h**3 - 22*h**2 + 23*h + 62. What are the prime factors of d(8)?
2, 3, 2281
Let d be (162/8)/((-8)/32). Let k = d - -9. Let b = 127 + k. What are the prime factors of b?
5, 11
Let j = 8839 - -3310. List the prime factors of j.
12149
Let m be (11/(-3))/(22/(-2442)). What are the prime factors of 4/22 + 9694/m?
2, 3
Let n(i) = -2*i**2 - 39*i - 131. Let a be n(-15). Let x be 30 + (1 - (2 - 1)). Suppose -26 = -f - c, -118 = -5*f + a*c + x. List the prime factors of f.
2, 7
Let d be -1*(-67 + (0 - 1)). Let q be ((-4 - -8)/(-4))/((-1)/(-9)). Let z = d - q. What are the prime factors of z?
7, 11
Let g(j) = -4*j**3 - 3*j**2 + 84*j - 19. Let u be g(-9). Let q = -531 + u. What are the prime factors of q?
1367
Suppose g - 2613 = -693. List the prime factors of g.
2, 3, 5
What are the prime factors of -7*(14/77 + 27798/(-66))?
7, 421
Let w be -1 + -1 - (-3 + 14). Let g(k) = -7*k**2 - 24*k**2 + 34*k**2 + 27*k - 26. List the prime factors of g(w).
2, 5, 13
Suppose -3*x = 5*z - 5, -x - 3*x + 3*z = -55. Let t(a) = -a**3 + 10*a**2 - 2. Let p be t(x). What are the prime factors of 1 + 76 + 7 - (p - -1)?
5, 17
Suppose 8*b + b - 567 = 0. Suppose -4*k = 2*f - b - 45, 0 = -5*k + 5*f + 105. What are the prime factors of k?
5
What are the prime factors of (-22)/(-165) - (-6409825)/375?
17093
Let p(n) = 540*n**2 + 24*n + 143. List the prime factors of p(7).
19, 1409
Suppose 0 = -55*k + 57*k. Suppose k*w = -15*w + 4860. List the prime factors of w.
2, 3
Let y = 41846 + -26805. What are the prime factors of y?
13, 89
Let i(h) be the third derivative of h**7/420 - 49*h**6/720 - 5*h**5/12 + 24*h**2. Let x(s) be the third derivative of i(s). What are the prime factors of x(10)?
71
Suppose 4*m = -5*h + 11946, -4*h - 306 + 9264 = 3*m. What are the prime factors of m?
2, 3, 499
Let m(i) = 9*i + 56. Suppose 2*y = 2*r - 14, 3*y - 2*r + 12 + 10 = 0. Let u be ((-9)/(-6))/(2/y). List the prime factors of m(u).
2
List the prime factors of (104535/(-828))/((-10)/3336).
3, 101, 139
Suppose 0 = -3*c - 5*g - 25, -4*c = 2*g + 5 + 5. Suppose c = 33*x - 38*x - 200. Let n = -32 - x. What are the prime factors of n?
2
Suppose -164*r = 176*r - 223720. What are the prime factors of r?
2, 7, 47
List the prime factors of ((-21)/(-27) - 1) + 2009148/108 + -12.
3, 6197
Suppose 4*j + 28 - 1556 = 0. Suppose 148 = 2*a - j. What are the prime factors of a?
5, 53
List the prime factors of (143745/525)/((-2)/(-40)).
2, 37
Let t(u) be the third derivative of u**5/60 - 13*u**4/24 + 5*u**3 - u**2 - 45. What are the prime factors of t(23)?
2, 5, 13
Let n(t) = 137*t - 14 - 65*t + 13*t**2 - 66*t. Let z(o) = o**3 - 5*o**2 + 5*o - 1. Let d be z(4). What are the prime factors of n(d)?
11
Let v = 968 - 555. Let b = v + -385. What are the prime factors of b?
2, 7
Let m(g) = -402*g - 106. Let j be m(-19). Suppose 9*q = -5*q + j. What are the prime factors of q?
2, 269
Let f(y) = y**2 + 12*y + 19. Let p = 259 + -248. List the prime factors of f(p).
2, 17
Suppose -u - m = -26757, -351*u = -350*u - 5*m - 26787. What are the prime factors of u?
2, 13381
Let j(m) = -403*m**3 - 4*m**2 - 11*m - 14. What are the prime factors of j(-2)?
2, 3, 67
Let n = 130772 - 69422. List the prime factors of n.
2, 3, 5, 409
Suppose -4*t = -0 - 12. Suppose 55*i - 36*i = 13395. Suppose -t*a + 8*a = i. What are the prime factors of a?
3, 47
Let w = -210 + 212. Suppose w*p = 18*p - 7056. List the prime factors of p.
3, 7
Let k = -2429 + 38240. List the prime factors of k.
3, 23, 173
Suppose 0 = 4*c + 4*g + 20, -3*g = c - 7*g. List the prime factors of (c/(4/(-3)) - -515) + 4.
2, 3, 29
Suppose 9*p + 5*p - 23688 = 0. What are the prime factors of ((-3)/9)/((-2)/p)?
2, 3, 47
Suppose -2*f = -4*t + 1294, 3*f = 4*t - t - 969. Suppose -5*j - t = -824. Suppose -j = -2*w + 100. List the prime factors of w.
2, 5
Let y(b) = -134*b + 3. Let r(i) = 541*i - 11. Let n(u) = 2*r(u) + 9*y(u). Let w = -2 - -1. List the prime factors of n(w).
3, 43
Suppose 20 = -9*k - 178. Let i = k - -60. What are the prime factors of i?
2, 19
Let d = -7132 + 20291. What are the prime factors of d?
13159
Let n(l) = l**3 + 9*l**2 + 4*l - 12. Let o be n(-8). Let b be 15*(-2 - (-52)/o). What are the prime factors of (-6)/(-2)*132/b?
2, 11
Suppose 0 = 2*w - 2*p - 10166, -2*p - 19617 = -3*w - 4373. List the prime factors of w.
2, 2539
Let b = 4652 + 3066. List the prime factors of b.
2, 17, 227
Suppose -276*x + 55*x - 2369304 = -11136153. List the prime factors of x.
3, 7, 1889
Suppose 3*t - 2*o + 26 = 6*t, -5*t + 70 = -2*o. Suppose t = 3*g - 3. Suppose n = g*a + 43, 0 = -4*a + 3 + 1. List the prime factors of n.
2, 3
Let k(t) = -3*t**2 + 17*t + 9. Let m be k(6). Let b(i) = -10 + 16*i + 4 + 13*i. List the prime factors of b(m).
3
Let b(y) = -24*y**2 + 6*y - 13. Let h(g) = g + 1. Let z(n) = -b(n) - 5*h(n). What are the prime factors of z(4)?
2, 3, 29
Let k(x) = -10*x + 65. Suppose -169*s + 173*s - 24 = 0. What are the prime factors of k(s)?
5
Let r(o) = 9464*o**2 + 174*o - 7. What are the prime factors of r(-2)?
37501
Let s be ((-10)/2 - 27/(-6))*-3810. Suppose -771 = -2*w - m - 4*m, -5*w + s = 5*m. What are the prime factors of w?
2, 3, 7
Let n = 1799 - -10434. List the prime factors of n.
13, 941
Suppose -4*p - 1080 = -7*p. List the prime factors of (-2)/9 + -29035*(-8)/p.
3, 5, 43
Let h = -7 - -16. Let k be (-6)/9*h*(-4)/(-6). What are the prime factors of (24 + 35)*(-1 - (k - -1))?
2, 59
Suppose -12*p + 243759 - 26523 = 0. List the prime factors of p.
43, 421
Suppose -5*c + 0*c + 35 = 0. Let k(o) = 3*o - c - 1 - 2*o**3 + o**3 - 2*o**2. List the prime factors of k(-5).
2, 13
Let s(p) be the second derivative of p**5/5 - 17*p**4/12 - p**3/3 + 5*p**2/2 + 57*p - 2. List the prime factors of s(5).
2, 5, 7
Let q(k) = 47*k**2 + 6*k + 9. Let r be q(-6). Suppose 2*j - 1105 = 3*m, 4*j - j - r = -3*m. List the prime factors of j.
2, 277
Let b(u) be the second derivative of u**4/4 - u**3 + 2*u**2 - 26*u. Let m be b(2). Suppose -m*w = -3*n + 461, n - 15 - 139 = w. What are the prime factors of n?
5, 31
Let u = -23 + 304. Suppose z = -3*z - 760. Let k = u + z. List the prime factors of k.
7, 13
Suppose -24*z = -23*z - 13. Suppose -5*w - 5*s + 7240 = 0, -3*w - z*s = -9*s - 4341. List the prime factors of w.
1451